{"id":4509,"date":"2025-06-22T21:48:12","date_gmt":"2025-06-22T19:48:12","guid":{"rendered":"https:\/\/textall.tn\/?post_type=product&#038;p=4509"},"modified":"2025-06-22T21:48:12","modified_gmt":"2025-06-22T19:48:12","slug":"housse-de-valise-nuit-sauvage-taille-s","status":"publish","type":"product","link":"https:\/\/textall.tn\/index.php\/produit\/housse-de-valise-nuit-sauvage-taille-s\/","title":{"rendered":"Housse de valise \u2013 Nuit Sauvage (Taille S)"},"content":{"rendered":"<p data-start=\"776\" data-end=\"1225\">La housse <strong data-start=\"786\" data-end=\"813\">Nuit Sauvage \u2013 Taille S<\/strong> est id\u00e9ale pour prot\u00e9ger les valises cabines de <strong data-start=\"862\" data-end=\"891\">50 \u00e0 55 cm (18\u201321 pouces)<\/strong>.<br data-start=\"892\" data-end=\"895\" \/>\u2714\ufe0f <strong data-start=\"900\" data-end=\"935\">Motif noir sobre et sophistiqu\u00e9<\/strong>, pour un style minimaliste et moderne<br data-start=\"973\" data-end=\"976\" \/>\u2714\ufe0f Tissu extensible r\u00e9sistant aux rayures<br data-start=\"1019\" data-end=\"1022\" \/>\u2714\ufe0f <strong data-start=\"1027\" data-end=\"1051\">3 ouvertures zipp\u00e9es<\/strong> : haut, gauche, droite<br data-start=\"1074\" data-end=\"1077\" \/>\u2714\ufe0f <strong data-start=\"1082\" data-end=\"1123\">Fermeture zipp\u00e9e inf\u00e9rieure renforc\u00e9e<\/strong> pour un ajustement parfait<br data-start=\"1150\" data-end=\"1153\" \/>\u2714\ufe0f <strong data-start=\"1158\" data-end=\"1177\">QR code int\u00e9gr\u00e9<\/strong> (personnalisable : WhatsApp, profil ou Insta)<\/p>\n<p data-start=\"1232\" data-end=\"1289\">Discr\u00e9tion, \u00e9l\u00e9gance et s\u00e9curit\u00e9 pour vos courts s\u00e9jours.<\/p>\n","protected":false},"excerpt":{"rendered":"<blockquote data-start=\"606\" data-end=\"742\">\n<p data-start=\"608\" data-end=\"742\">Housse compacte pour valise cabine (50\u201355 cm). Look chic et myst\u00e9rieux, tissu extensible, QR code personnalis\u00e9 et fermeture renforc\u00e9e.<\/p>\n<\/blockquote>\n<h3 data-start=\"744\" data-end=\"773\"><\/h3>\n","protected":false},"featured_media":4389,"comment_status":"open","ping_status":"closed","template":"","meta":{"_monsterinsights_skip_tracking":false,"_monsterinsights_sitenote_active":false,"_monsterinsights_sitenote_note":"","_monsterinsights_sitenote_category":0},"product_brand":[],"product_cat":[16,174],"product_tag":[175,176],"class_list":{"0":"post-4509","1":"product","2":"type-product","3":"status-publish","4":"has-post-thumbnail","6":"product_cat-housses-valise","7":"product_cat-taille-s","8":"product_tag-housse-de-valise","9":"product_tag-qr-code","11":"first","12":"instock","13":"shipping-taxable","14":"purchasable","15":"product-type-simple"},"aioseo_notices":[],"_links":{"self":[{"href":"https:\/\/textall.tn\/index.php\/wp-json\/wp\/v2\/product\/4509","targetHints":{"allow":["GET"]}}],"collection":[{"href":"https:\/\/textall.tn\/index.php\/wp-json\/wp\/v2\/product"}],"about":[{"href":"https:\/\/textall.tn\/index.php\/wp-json\/wp\/v2\/types\/product"}],"replies":[{"embeddable":true,"href":"https:\/\/textall.tn\/index.php\/wp-json\/wp\/v2\/comments?post=4509"}],"wp:featuredmedia":[{"embeddable":true,"href":"https:\/\/textall.tn\/index.php\/wp-json\/wp\/v2\/media\/4389"}],"wp:attachment":[{"href":"https:\/\/textall.tn\/index.php\/wp-json\/wp\/v2\/media?parent=4509"}],"wp:term":[{"taxonomy":"product_brand","embeddable":true,"href":"https:\/\/textall.tn\/index.php\/wp-json\/wp\/v2\/product_brand?post=4509"},{"taxonomy":"product_cat","embeddable":true,"href":"https:\/\/textall.tn\/index.php\/wp-json\/wp\/v2\/product_cat?post=4509"},{"taxonomy":"product_tag","embeddable":true,"href":"https:\/\/textall.tn\/index.php\/wp-json\/wp\/v2\/product_tag?post=4509"}],"curies":[{"name":"wp","href":"https:\/\/api.w.org\/{rel}","templated":true}]}}