{"id":4506,"date":"2025-06-22T21:37:39","date_gmt":"2025-06-22T19:37:39","guid":{"rendered":"https:\/\/textall.tn\/?post_type=product&#038;p=4506"},"modified":"2025-06-22T21:37:39","modified_gmt":"2025-06-22T19:37:39","slug":"housses-de-valise-nuit-sauvage-s-m-l","status":"publish","type":"product","link":"https:\/\/textall.tn\/index.php\/produit\/housses-de-valise-nuit-sauvage-s-m-l\/","title":{"rendered":"Housses de valise-Nuit Sauvage (S, M, L)"},"content":{"rendered":"<blockquote data-start=\"3634\" data-end=\"3781\">\n<p data-start=\"3636\" data-end=\"3781\">Le <strong data-start=\"3639\" data-end=\"3660\">pack Nuit Sauvage<\/strong> comprend :<br data-start=\"3671\" data-end=\"3674\" \/>\u2714\ufe0f 1 housse taille S (50\u201355 cm)<br data-start=\"3707\" data-end=\"3710\" \/>\u2714\ufe0f 1 housse taille M (60\u201365 cm)<br data-start=\"3743\" data-end=\"3746\" \/>\u2714\ufe0f 1 housse taille L (70\u201375 cm)<\/p>\n<\/blockquote>\n<p data-start=\"3783\" data-end=\"3807\">Chaque housse inclut :<\/p>\n<blockquote data-start=\"3808\" data-end=\"4045\">\n<p data-start=\"3810\" data-end=\"4045\">\u2714\ufe0f <strong data-start=\"3813\" data-end=\"3833\">Motif sobre noir<\/strong>, discret et \u00e9l\u00e9gant<br data-start=\"3853\" data-end=\"3856\" \/>\u2714\ufe0f Tissu stretch anti-rayures<br data-start=\"3887\" data-end=\"3890\" \/>\u2714\ufe0f <strong data-start=\"3895\" data-end=\"3948\">3 zips pratiques + fermeture inf\u00e9rieure renforc\u00e9e<\/strong><br data-start=\"3948\" data-end=\"3951\" \/>\u2714\ufe0f <strong data-start=\"3956\" data-end=\"3975\">QR code int\u00e9gr\u00e9<\/strong>, personnalisable pour afficher votre fiche contact ou lien WhatsApp<\/p>\n<\/blockquote>\n<p data-start=\"4047\" data-end=\"4097\">\ud83d\udda4 Une \u00e9l\u00e9gance silencieuse, une s\u00e9curit\u00e9 absolue.<\/p>\n","protected":false},"excerpt":{"rendered":"<p>Set complet avec les trois tailles S, M, L. Housses \u00e9l\u00e9gantes noir profond, tissu extensible, fermeture renforc\u00e9e, QR codes personnalis\u00e9s.<\/p>\n","protected":false},"featured_media":4481,"comment_status":"open","ping_status":"closed","template":"","meta":{"_monsterinsights_skip_tracking":false,"_monsterinsights_sitenote_active":false,"_monsterinsights_sitenote_note":"","_monsterinsights_sitenote_category":0},"product_brand":[],"product_cat":[16,177],"product_tag":[175,178,176],"class_list":{"0":"post-4506","1":"product","2":"type-product","3":"status-publish","4":"has-post-thumbnail","6":"product_cat-housses-valise","7":"product_cat-pack-complet","8":"product_tag-housse-de-valise","9":"product_tag-pack-complet-de-housses","10":"product_tag-qr-code","12":"first","13":"instock","14":"shipping-taxable","15":"purchasable","16":"product-type-simple"},"aioseo_notices":[],"_links":{"self":[{"href":"https:\/\/textall.tn\/index.php\/wp-json\/wp\/v2\/product\/4506","targetHints":{"allow":["GET"]}}],"collection":[{"href":"https:\/\/textall.tn\/index.php\/wp-json\/wp\/v2\/product"}],"about":[{"href":"https:\/\/textall.tn\/index.php\/wp-json\/wp\/v2\/types\/product"}],"replies":[{"embeddable":true,"href":"https:\/\/textall.tn\/index.php\/wp-json\/wp\/v2\/comments?post=4506"}],"wp:featuredmedia":[{"embeddable":true,"href":"https:\/\/textall.tn\/index.php\/wp-json\/wp\/v2\/media\/4481"}],"wp:attachment":[{"href":"https:\/\/textall.tn\/index.php\/wp-json\/wp\/v2\/media?parent=4506"}],"wp:term":[{"taxonomy":"product_brand","embeddable":true,"href":"https:\/\/textall.tn\/index.php\/wp-json\/wp\/v2\/product_brand?post=4506"},{"taxonomy":"product_cat","embeddable":true,"href":"https:\/\/textall.tn\/index.php\/wp-json\/wp\/v2\/product_cat?post=4506"},{"taxonomy":"product_tag","embeddable":true,"href":"https:\/\/textall.tn\/index.php\/wp-json\/wp\/v2\/product_tag?post=4506"}],"curies":[{"name":"wp","href":"https:\/\/api.w.org\/{rel}","templated":true}]}}