{"id":4501,"date":"2025-06-22T19:25:05","date_gmt":"2025-06-22T17:25:05","guid":{"rendered":"https:\/\/textall.tn\/?post_type=product&#038;p=4501"},"modified":"2025-06-22T19:25:06","modified_gmt":"2025-06-22T17:25:06","slug":"housses-de-valise-fleur-du-feu-s-m-l","status":"publish","type":"product","link":"https:\/\/textall.tn\/index.php\/produit\/housses-de-valise-fleur-du-feu-s-m-l\/","title":{"rendered":"Housses de valise &#8211; Fleur du Feu (S, M, L)"},"content":{"rendered":"<blockquote data-start=\"3578\" data-end=\"3741\">\n<p data-start=\"3580\" data-end=\"3741\">Le <strong data-start=\"3583\" data-end=\"3604\">pack Fleur du Feu<\/strong> comprend :<br data-start=\"3615\" data-end=\"3618\" \/>\u2714\ufe0f 1 housse taille S (valise cabine)<br data-start=\"3656\" data-end=\"3659\" \/>\u2714\ufe0f 1 housse taille M (valise moyenne)<br data-start=\"3698\" data-end=\"3701\" \/>\u2714\ufe0f 1 housse taille L (grande valise)<\/p>\n<\/blockquote>\n<p data-start=\"3743\" data-end=\"3769\">Chaque housse pr\u00e9sente :<\/p>\n<blockquote data-start=\"3770\" data-end=\"4054\">\n<p data-start=\"3772\" data-end=\"3982\">\u2714\ufe0f <strong data-start=\"3775\" data-end=\"3808\">Motif rouge feu &amp; noir floral<\/strong> pour un look \u00e9nergique et puissant<br data-start=\"3843\" data-end=\"3846\" \/>\u2714\ufe0f Tissu extensible anti-rayures<br data-start=\"3880\" data-end=\"3883\" \/>\u2714\ufe0f <strong data-start=\"3888\" data-end=\"3937\">3 ouvertures zipp\u00e9es + zip inf\u00e9rieur s\u00e9curis\u00e9<\/strong><br data-start=\"3937\" data-end=\"3940\" \/>\u2714\ufe0f <strong data-start=\"3945\" data-end=\"3972\">QR code personnalisable<\/strong> int\u00e9gr\u00e9<\/p>\n<p data-start=\"3989\" data-end=\"4054\">\ud83d\udd25 Pour les esprits libres, passionn\u00e9s, et toujours en mouvement.<\/p>\n<\/blockquote>\n","protected":false},"excerpt":{"rendered":"<blockquote data-start=\"3410\" data-end=\"3542\">\n<p data-start=\"3412\" data-end=\"3542\">Pack 3 tailles : S, M, L. Motif feu floral, tissu stretch, QR code int\u00e9gr\u00e9, fermeture zipp\u00e9e. Transportez votre \u00e9nergie avec vous.<\/p>\n<\/blockquote>\n<h3 data-start=\"3544\" data-end=\"3577\"><\/h3>\n","protected":false},"featured_media":4502,"comment_status":"open","ping_status":"closed","template":"","meta":{"_monsterinsights_skip_tracking":false,"_monsterinsights_sitenote_active":false,"_monsterinsights_sitenote_note":"","_monsterinsights_sitenote_category":0},"product_brand":[],"product_cat":[16,177],"product_tag":[175,178,176],"class_list":{"0":"post-4501","1":"product","2":"type-product","3":"status-publish","4":"has-post-thumbnail","6":"product_cat-housses-valise","7":"product_cat-pack-complet","8":"product_tag-housse-de-valise","9":"product_tag-pack-complet-de-housses","10":"product_tag-qr-code","12":"first","13":"instock","14":"shipping-taxable","15":"purchasable","16":"product-type-simple"},"aioseo_notices":[],"_links":{"self":[{"href":"https:\/\/textall.tn\/index.php\/wp-json\/wp\/v2\/product\/4501","targetHints":{"allow":["GET"]}}],"collection":[{"href":"https:\/\/textall.tn\/index.php\/wp-json\/wp\/v2\/product"}],"about":[{"href":"https:\/\/textall.tn\/index.php\/wp-json\/wp\/v2\/types\/product"}],"replies":[{"embeddable":true,"href":"https:\/\/textall.tn\/index.php\/wp-json\/wp\/v2\/comments?post=4501"}],"wp:featuredmedia":[{"embeddable":true,"href":"https:\/\/textall.tn\/index.php\/wp-json\/wp\/v2\/media\/4502"}],"wp:attachment":[{"href":"https:\/\/textall.tn\/index.php\/wp-json\/wp\/v2\/media?parent=4501"}],"wp:term":[{"taxonomy":"product_brand","embeddable":true,"href":"https:\/\/textall.tn\/index.php\/wp-json\/wp\/v2\/product_brand?post=4501"},{"taxonomy":"product_cat","embeddable":true,"href":"https:\/\/textall.tn\/index.php\/wp-json\/wp\/v2\/product_cat?post=4501"},{"taxonomy":"product_tag","embeddable":true,"href":"https:\/\/textall.tn\/index.php\/wp-json\/wp\/v2\/product_tag?post=4501"}],"curies":[{"name":"wp","href":"https:\/\/api.w.org\/{rel}","templated":true}]}}