{"id":4493,"date":"2025-06-22T18:29:58","date_gmt":"2025-06-22T16:29:58","guid":{"rendered":"https:\/\/textall.tn\/?post_type=product&#038;p=4493"},"modified":"2025-06-22T18:40:41","modified_gmt":"2025-06-22T16:40:41","slug":"housse-de-valise-monozebra-taille-l","status":"publish","type":"product","link":"https:\/\/textall.tn\/index.php\/produit\/housse-de-valise-monozebra-taille-l\/","title":{"rendered":"Housse de valise \u2013 MonoZebra (Taille L)"},"content":{"rendered":"<p data-start=\"2727\" data-end=\"3080\">La housse <strong data-start=\"2737\" data-end=\"2761\">MonoZebra \u2013 Taille L<\/strong> est id\u00e9ale pour les valises de <strong data-start=\"2793\" data-end=\"2822\">70 \u00e0 75 cm (26\u201329 pouces)<\/strong>.<br data-start=\"2823\" data-end=\"2826\" \/>\u2714\ufe0f Design graphique noir et blanc, tr\u00e8s facile \u00e0 rep\u00e9rer en a\u00e9roport<br data-start=\"2896\" data-end=\"2899\" \/>\u2714\ufe0f Mati\u00e8re \u00e9lastique r\u00e9sistante et lavable<br data-start=\"2943\" data-end=\"2946\" \/>\u2714\ufe0f <strong data-start=\"2951\" data-end=\"3016\">Ouvertures zipp\u00e9es lat\u00e9rales + fermeture inf\u00e9rieure renforc\u00e9e<\/strong><br data-start=\"3016\" data-end=\"3019\" \/>\u2714\ufe0f <strong data-start=\"3024\" data-end=\"3043\">QR code int\u00e9gr\u00e9<\/strong> \u00e0 scanner pour acc\u00e9der \u00e0 vos infos<\/p>\n<p data-start=\"3087\" data-end=\"3131\">Un incontournable pour les grands voyageurs.<\/p>\n","protected":false},"excerpt":{"rendered":"<p>Format L (70\u201375 cm). Housse r\u00e9sistante au style affirm\u00e9, avec QR code personnalis\u00e9 et s\u00e9curit\u00e9 renforc\u00e9e.<\/p>\n","protected":false},"featured_media":4369,"comment_status":"open","ping_status":"closed","template":"","meta":{"_monsterinsights_skip_tracking":false,"_monsterinsights_sitenote_active":false,"_monsterinsights_sitenote_note":"","_monsterinsights_sitenote_category":0},"product_brand":[],"product_cat":[16,159],"product_tag":[175,176],"class_list":{"0":"post-4493","1":"product","2":"type-product","3":"status-publish","4":"has-post-thumbnail","6":"product_cat-housses-valise","7":"product_cat-taille-l","8":"product_tag-housse-de-valise","9":"product_tag-qr-code","11":"first","12":"instock","13":"shipping-taxable","14":"purchasable","15":"product-type-simple"},"aioseo_notices":[],"_links":{"self":[{"href":"https:\/\/textall.tn\/index.php\/wp-json\/wp\/v2\/product\/4493","targetHints":{"allow":["GET"]}}],"collection":[{"href":"https:\/\/textall.tn\/index.php\/wp-json\/wp\/v2\/product"}],"about":[{"href":"https:\/\/textall.tn\/index.php\/wp-json\/wp\/v2\/types\/product"}],"replies":[{"embeddable":true,"href":"https:\/\/textall.tn\/index.php\/wp-json\/wp\/v2\/comments?post=4493"}],"wp:featuredmedia":[{"embeddable":true,"href":"https:\/\/textall.tn\/index.php\/wp-json\/wp\/v2\/media\/4369"}],"wp:attachment":[{"href":"https:\/\/textall.tn\/index.php\/wp-json\/wp\/v2\/media?parent=4493"}],"wp:term":[{"taxonomy":"product_brand","embeddable":true,"href":"https:\/\/textall.tn\/index.php\/wp-json\/wp\/v2\/product_brand?post=4493"},{"taxonomy":"product_cat","embeddable":true,"href":"https:\/\/textall.tn\/index.php\/wp-json\/wp\/v2\/product_cat?post=4493"},{"taxonomy":"product_tag","embeddable":true,"href":"https:\/\/textall.tn\/index.php\/wp-json\/wp\/v2\/product_tag?post=4493"}],"curies":[{"name":"wp","href":"https:\/\/api.w.org\/{rel}","templated":true}]}}